{"id":11907,"date":"2018-11-19T18:09:47","date_gmt":"2018-11-19T18:09:47","guid":{"rendered":"http:\/\/www.swenreichhold.de\/wp2\/?page_id=11907"},"modified":"2019-01-10T16:39:30","modified_gmt":"2019-01-10T16:39:30","slug":"industrie-forschung","status":"publish","type":"page","link":"http:\/\/swenreichhold.de\/wp2\/index.php\/industrie-forschung\/","title":{"rendered":"Industrie &#038; Forschung"},"content":{"rendered":"","protected":false},"excerpt":{"rendered":"","protected":false},"author":1,"featured_media":11904,"parent":0,"menu_order":0,"comment_status":"closed","ping_status":"closed","template":"","meta":[],"yoast_head":"<!-- This site is optimized with the Yoast SEO plugin v18.3 - https:\/\/yoast.com\/wordpress\/plugins\/seo\/ -->\n<title>Industrie &amp; Forschung - Swen Reichhold<\/title>\n<meta name=\"robots\" content=\"index, follow, max-snippet:-1, max-image-preview:large, max-video-preview:-1\" \/>\n<link rel=\"canonical\" href=\"http:\/\/swenreichhold.de\/wp2\/index.php\/industrie-forschung\/\" \/>\n<meta property=\"og:locale\" content=\"de_DE\" \/>\n<meta property=\"og:type\" content=\"article\" \/>\n<meta property=\"og:title\" content=\"Industrie &amp; Forschung - Swen Reichhold\" \/>\n<meta property=\"og:url\" content=\"http:\/\/swenreichhold.de\/wp2\/index.php\/industrie-forschung\/\" \/>\n<meta property=\"og:site_name\" content=\"Swen Reichhold\" \/>\n<meta property=\"article:modified_time\" content=\"2019-01-10T16:39:30+00:00\" \/>\n<meta property=\"og:image\" content=\"http:\/\/swenreichhold.de\/wp2\/wp-content\/uploads\/2018\/11\/Universit\u00e4t-Leipzig-Institut-f\u00fcr-Biochemie.jpg\" \/>\n\t<meta property=\"og:image:width\" content=\"800\" \/>\n\t<meta property=\"og:image:height\" content=\"1200\" \/>\n\t<meta property=\"og:image:type\" content=\"image\/jpeg\" \/>\n<meta name=\"twitter:card\" content=\"summary_large_image\" \/>\n<script type=\"application\/ld+json\" class=\"yoast-schema-graph\">{\"@context\":\"https:\/\/schema.org\",\"@graph\":[{\"@type\":\"WebSite\",\"@id\":\"https:\/\/swenreichhold.de\/wp2\/#website\",\"url\":\"https:\/\/swenreichhold.de\/wp2\/\",\"name\":\"Swen Reichhold\",\"description\":\"Swen Reichhold\",\"potentialAction\":[{\"@type\":\"SearchAction\",\"target\":{\"@type\":\"EntryPoint\",\"urlTemplate\":\"https:\/\/swenreichhold.de\/wp2\/?s={search_term_string}\"},\"query-input\":\"required name=search_term_string\"}],\"inLanguage\":\"de\"},{\"@type\":\"ImageObject\",\"@id\":\"http:\/\/swenreichhold.de\/wp2\/index.php\/industrie-forschung\/#primaryimage\",\"inLanguage\":\"de\",\"url\":\"http:\/\/swenreichhold.de\/wp2\/wp-content\/uploads\/2018\/11\/Universit\u00e4t-Leipzig-Institut-f\u00fcr-Biochemie.jpg\",\"contentUrl\":\"http:\/\/swenreichhold.de\/wp2\/wp-content\/uploads\/2018\/11\/Universit\u00e4t-Leipzig-Institut-f\u00fcr-Biochemie.jpg\",\"width\":800,\"height\":1200,\"caption\":\"Universit\u00e4t Leipzig, Prof. Dr. Mario M\u00f6rl\"},{\"@type\":\"WebPage\",\"@id\":\"http:\/\/swenreichhold.de\/wp2\/index.php\/industrie-forschung\/#webpage\",\"url\":\"http:\/\/swenreichhold.de\/wp2\/index.php\/industrie-forschung\/\",\"name\":\"Industrie & Forschung - Swen Reichhold\",\"isPartOf\":{\"@id\":\"https:\/\/swenreichhold.de\/wp2\/#website\"},\"primaryImageOfPage\":{\"@id\":\"http:\/\/swenreichhold.de\/wp2\/index.php\/industrie-forschung\/#primaryimage\"},\"datePublished\":\"2018-11-19T18:09:47+00:00\",\"dateModified\":\"2019-01-10T16:39:30+00:00\",\"breadcrumb\":{\"@id\":\"http:\/\/swenreichhold.de\/wp2\/index.php\/industrie-forschung\/#breadcrumb\"},\"inLanguage\":\"de\",\"potentialAction\":[{\"@type\":\"ReadAction\",\"target\":[\"http:\/\/swenreichhold.de\/wp2\/index.php\/industrie-forschung\/\"]}]},{\"@type\":\"BreadcrumbList\",\"@id\":\"http:\/\/swenreichhold.de\/wp2\/index.php\/industrie-forschung\/#breadcrumb\",\"itemListElement\":[{\"@type\":\"ListItem\",\"position\":1,\"name\":\"Startseite\",\"item\":\"https:\/\/swenreichhold.de\/wp2\/\"},{\"@type\":\"ListItem\",\"position\":2,\"name\":\"Industrie &#038; Forschung\"}]}]}<\/script>\n<!-- \/ Yoast SEO plugin. -->","yoast_head_json":{"title":"Industrie & Forschung - Swen Reichhold","robots":{"index":"index","follow":"follow","max-snippet":"max-snippet:-1","max-image-preview":"max-image-preview:large","max-video-preview":"max-video-preview:-1"},"canonical":"http:\/\/swenreichhold.de\/wp2\/index.php\/industrie-forschung\/","og_locale":"de_DE","og_type":"article","og_title":"Industrie & Forschung - Swen Reichhold","og_url":"http:\/\/swenreichhold.de\/wp2\/index.php\/industrie-forschung\/","og_site_name":"Swen Reichhold","article_modified_time":"2019-01-10T16:39:30+00:00","og_image":[{"width":800,"height":1200,"url":"http:\/\/swenreichhold.de\/wp2\/wp-content\/uploads\/2018\/11\/Universit\u00e4t-Leipzig-Institut-f\u00fcr-Biochemie.jpg","type":"image\/jpeg"}],"twitter_card":"summary_large_image","schema":{"@context":"https:\/\/schema.org","@graph":[{"@type":"WebSite","@id":"https:\/\/swenreichhold.de\/wp2\/#website","url":"https:\/\/swenreichhold.de\/wp2\/","name":"Swen Reichhold","description":"Swen Reichhold","potentialAction":[{"@type":"SearchAction","target":{"@type":"EntryPoint","urlTemplate":"https:\/\/swenreichhold.de\/wp2\/?s={search_term_string}"},"query-input":"required name=search_term_string"}],"inLanguage":"de"},{"@type":"ImageObject","@id":"http:\/\/swenreichhold.de\/wp2\/index.php\/industrie-forschung\/#primaryimage","inLanguage":"de","url":"http:\/\/swenreichhold.de\/wp2\/wp-content\/uploads\/2018\/11\/Universit\u00e4t-Leipzig-Institut-f\u00fcr-Biochemie.jpg","contentUrl":"http:\/\/swenreichhold.de\/wp2\/wp-content\/uploads\/2018\/11\/Universit\u00e4t-Leipzig-Institut-f\u00fcr-Biochemie.jpg","width":800,"height":1200,"caption":"Universit\u00e4t Leipzig, Prof. Dr. Mario M\u00f6rl"},{"@type":"WebPage","@id":"http:\/\/swenreichhold.de\/wp2\/index.php\/industrie-forschung\/#webpage","url":"http:\/\/swenreichhold.de\/wp2\/index.php\/industrie-forschung\/","name":"Industrie & Forschung - Swen Reichhold","isPartOf":{"@id":"https:\/\/swenreichhold.de\/wp2\/#website"},"primaryImageOfPage":{"@id":"http:\/\/swenreichhold.de\/wp2\/index.php\/industrie-forschung\/#primaryimage"},"datePublished":"2018-11-19T18:09:47+00:00","dateModified":"2019-01-10T16:39:30+00:00","breadcrumb":{"@id":"http:\/\/swenreichhold.de\/wp2\/index.php\/industrie-forschung\/#breadcrumb"},"inLanguage":"de","potentialAction":[{"@type":"ReadAction","target":["http:\/\/swenreichhold.de\/wp2\/index.php\/industrie-forschung\/"]}]},{"@type":"BreadcrumbList","@id":"http:\/\/swenreichhold.de\/wp2\/index.php\/industrie-forschung\/#breadcrumb","itemListElement":[{"@type":"ListItem","position":1,"name":"Startseite","item":"https:\/\/swenreichhold.de\/wp2\/"},{"@type":"ListItem","position":2,"name":"Industrie &#038; Forschung"}]}]}},"_links":{"self":[{"href":"http:\/\/swenreichhold.de\/wp2\/index.php\/wp-json\/wp\/v2\/pages\/11907"}],"collection":[{"href":"http:\/\/swenreichhold.de\/wp2\/index.php\/wp-json\/wp\/v2\/pages"}],"about":[{"href":"http:\/\/swenreichhold.de\/wp2\/index.php\/wp-json\/wp\/v2\/types\/page"}],"author":[{"embeddable":true,"href":"http:\/\/swenreichhold.de\/wp2\/index.php\/wp-json\/wp\/v2\/users\/1"}],"replies":[{"embeddable":true,"href":"http:\/\/swenreichhold.de\/wp2\/index.php\/wp-json\/wp\/v2\/comments?post=11907"}],"version-history":[{"count":1,"href":"http:\/\/swenreichhold.de\/wp2\/index.php\/wp-json\/wp\/v2\/pages\/11907\/revisions"}],"predecessor-version":[{"id":11908,"href":"http:\/\/swenreichhold.de\/wp2\/index.php\/wp-json\/wp\/v2\/pages\/11907\/revisions\/11908"}],"wp:featuredmedia":[{"embeddable":true,"href":"http:\/\/swenreichhold.de\/wp2\/index.php\/wp-json\/wp\/v2\/media\/11904"}],"wp:attachment":[{"href":"http:\/\/swenreichhold.de\/wp2\/index.php\/wp-json\/wp\/v2\/media?parent=11907"}],"curies":[{"name":"wp","href":"https:\/\/api.w.org\/{rel}","templated":true}]}}